7?
False
Is 1311758 a multiple of 301?
True
Is 215 a factor of 753303?
False
Is 353 a factor of 323280?
False
Is 21622500 a multiple of 20?
True
Does 10 divide 19130?
True
Is 6 a factor of 1164478?
False
Is 10 a factor of 352980?
True
Is 9 a factor of 1529613?
True
Does 275 divide 10074350?
True
Is 2573379 a multiple of 343?
False
Is 49 a factor of 1290215?
False
Does 22 divide 224928?
True
Is 1693738 a multiple of 462?
False
Is 585532 a multiple of 4?
True
Is 30 a factor of 447810?
True
Is 12 a factor of 430836?
True
Is 17 a factor of 222660?
False
Is 9870786 a multiple of 18?
True
Is 9 a factor of 1025541?
True
Does 865 divide 9575824?
False
Does 5 divide 5855037?
False
Is 140 a factor of 8208705?
False
Is 103699 a multiple of 13?
False
Is 6858124 a multiple of 332?
True
Is 1737400 a multiple of 700?
True
Is 835603 a multiple of 3?
False
Is 5757700 a multiple of 860?
True
Is 1986717 a multiple of 69?
True
Is 11 a factor of 1246718?
True
Is 117068 a multiple of 37?
True
Is 4203576 a multiple of 39?
True
Is 2004337 a multiple of 1128?
False
Does 101 divide 621916?
False
Does 37 divide 2105744?
True
Is 2090984 a multiple of 15?
False
Is 536 a factor of 55288?
False
Does 19 divide 2816902?
True
Is 33 a factor of 100309?
False
Does 388 divide 199140?
False
Does 314 divide 1011799?
False
Is 203882 a multiple of 5?
False
Is 23 a factor of 4695128?
True
Does 8 divide 171677?
False
Does 201 divide 1781502?
False
Does 94 divide 849699?
False
Is 12301215 a multiple of 453?
True
Does 269 divide 575853?
False
Does 113 divide 269392?
True
Is 33728 a multiple of 68?
True
Is 8 a factor of 4025176?
True
Is 35 a factor of 2971862?
False
Is 578971 a multiple of 4?
False
Is 6 a factor of 243966?
True
Is 8 a factor of 358856?
True
Is 9 a factor of 1434516?
False
Is 12 a factor of 1142720?
False
Is 56 a factor of 6944?
True
Does 12 divide 1835382?
False
Does 267 divide 458439?
True
Is 257236 a multiple of 14?
True
Is 583912 a multiple of 14?
True
Is 236 a factor of 2036880?
False
Does 7 divide 359954?
True
Is 79556 a multiple of 4?
True
Is 643 a factor of 11954013?
True
Is 6138282 a multiple of 52?
False
Is 36 a factor of 310421?
False
Does 15 divide 18345?
True
Is 5 a factor of 33341?
False
Does 2 divide 2336713?
False
Is 82672 a multiple of 56?
False
Is 152016 a multiple of 48?
True
Does 17 divide 143943?
False
Is 42379 even?
False
Does 13 divide 1089338?
False
Does 22 divide 5103311?
False
Does 531 divide 1700793?
True
Is 273 a factor of 2843123?
False
Is 15 a factor of 2511694?
False
Does 358 divide 6200560?
True
Does 23 divide 928?
False
Does 78 divide 145782?
True
Is 10664094 a multiple of 14?
True
Is 1362575 a multiple of 10?
False
Is 410 a factor of 15503330?
True
Is 3 a factor of 104174?
False
Does 245 divide 247426?
False
Is 385 a factor of 1687455?
True
Is 8457096 a multiple of 87?
True
Is 52 a factor of 1272775?
False
Is 1311644 a multiple of 966?
False
Is 16266388 a multiple of 16?
False
Does 164 divide 61664?
True
Is 99876 a multiple of 492?
True
Does 324 divide 107568?
True
Is 89108 a multiple of 103?
False
Is 8483720 a multiple of 7?
True
Is 8 a factor of 1446030?
False
Is 280984 a multiple of 66?
False
Is 6 a factor of 128370?
True
Does 1216 divide 839040?
True
Is 3 a factor of 846822?
True
Is 16435743 a multiple of 149?
True
Is 139795 a multiple of 307?
False
Is 47553 a multiple of 131?
True
Is 575 a factor of 31625?
True
Is 1918420 a multiple of 5?
True
Does 51 divide 10549452?
True
Is 36 a factor of 1182015?
False
Is 2476785 a multiple of 9?
False
Does 90 divide 181128?
False
Is 423 a factor of 813382?
False
Does 63 divide 1393848?
False
Does 2 divide 235796?
True
Is 18 a factor of 135978?
False
Does 38 divide 199804?
True
Is 21 a factor of 631327?
False
Is 122266 a multiple of 4?
False
Does 168 divide 627269?
False
Is 18869 a multiple of 130?
False
Is 178536 a multiple of 6?
True
Does 12 divide 5525637?
False
Is 345 a factor of 848281?
False
Does 54 divide 142074?
True
Is 7020 a multiple of 117?
True
Does 10 divide 67343?
False
Is 18648 a multiple of 28?
True
Is 115721 a multiple of 44?
False
Is 124 a factor of 109023?
False
Is 11990220 a multiple of 22?
True
Is 43 a factor of 4339646?
True
Does 82 divide 36420?
False
Is 293358 a multiple of 26?
True
Does 30 divide 2679815?
False
Does 328 divide 1086008?
True
Does 10 divide 2826130?
True
Is 70820 a multiple of 23?
False
Does 78 divide 1243632?
True
Is 20082 a multiple of 6?
True
Does 159 divide 23301379?
False
Is 50313 a multiple of 2?
False
Does 403 divide 2615067?
True
Is 491643 a multiple of 17?
False
Is 6304263 a multiple of 12?
False
Is 203180 a multiple of 10?
True
Is 96 a factor of 1091994?
False
Is 300 a factor of 396900?
True
Is 32 a factor of 1132394?
False
Is 131 a factor of 187592?
True
Does 104 divide 53872?
True
Is 191124 a multiple of 14?
False
Does 107 divide 267607?
True
Does 3 divide 259861?
False
Is 159605 a multiple of 64?
False
Is 10 a factor of 154810?
True
Is 11 a factor of 4342564?
False
Is 82810 a multiple of 14?
True
Does 686 divide 4553983?
False
Is 21 a factor of 96369?
True
Is 115 a factor of 2332636?
False
Is 5260305 a multiple of 655?
True
Is 64 a factor of 4756608?
True
Is 25933 a multiple of 5?
False
Does 173 divide 352135?
False
Does 586 divide 6635278?
True
Is 121 a factor of 180369?
False
Does 12 divide 15444?
True
Is 2810 a multiple of 3?
False
Is 2650846 a multiple of 22?
True
Does 334 divide 158650?
True
Is 12 a factor of 189600?
True
Is 28 a factor of 2412060?
True
Does 33 divide 32396?
False
Does 7 divide 67648?
True
Does 9 divide 408842?
False
Is 2 a factor of 3820?
True
Is 2 a factor of 246086?
True
Does 216 divide 566509?
False
Is 219 a factor of 136656?
True
Is 23837 a multiple of 27?
False
Does 84 divide 789570?
False
Is 10 a factor of 25180?
True
Does 171 divide 49411?
False
Does 21 divide 9735?
False
Does 38 divide 1427242?
True
Is 4465532 a multiple of 57?
False
Is 11532 a multiple of 62?
True
Is 246 a factor of 1260451?
False
Does 939 divide 4937553?
False
Does 28 divide 949289?
False
Is 16230214 a multiple of 184?
False
Is 59 a factor of 19956771?
False
Is 27 a factor of 2553710?
False
Is 8 a factor of 98098?
False
Is 297024 a multiple of 273?
True
Is 189150 a multiple of 21?
False
Is 44262 a multiple of 23?
False
Is 29825633 a multiple of 10?
False
Is 6057828 a multiple of 591?
False
Does 512 divide 1359360?
True
Is 918263 a multiple of 11?
False
Is 14 a factor of 373246?
False
Is 5735 a multiple of 76?
False
Is 1973269 a multiple of 26?
False
Does 55 divide 5852416?
False
Is 522424 a multiple of 38?
True
Does 60 divide 5350920?
True
Is 1353185 a multiple of 138?
False
Is 1396544 a multiple of 521?
False
Is 2020860 a multiple of 309?
True
Is 107 a factor of 2917783?
True
Does 18 divide 652860?
True
Is 723840 a multiple of 312?
True
Is 1110 a factor of 2576837?
False
Is 3 a factor of 2363549?
False
Does 1160 divide 8724360?
True
Does 84 divide 823438?
False
Does 289 divide 206057?
True
Is 265301 a multiple of 10?
False
Does 314 divide 5239984?
False
Is 187096 a multiple of 26?
True
Is 447659 a multiple of 221?
False
Is 10 a factor of 30930?
True
Is 4 a factor of 23383?
False
Does 19 divide 4649566?
True
Is 25 a factor of 650161?
False
Is 90 a factor of 15652?
False
Is 132 a factor of 898524?
True
Is 1027049 a multiple of 3?
False
Is 2243648 a multiple of 11?
True
Does 32 divide 746959?
False
Is 110 a factor of 1531420?
True
Is 3 a factor of 14908?
False
Does 87 divide 525191?
False
Is 69 a factor of 137586?
True
Is 567808 a multiple of 16?
True
Is 78451 a multiple of 19?
True
Is 5 a factor of 421870?
True
Does 165 divide 970365?
True
Is 6 a factor of 2605617?
False
Is 11 a factor of 5790165?
False
Is 64 a factor of 3171072?
True
Does 291 divide 230472?
True
Is 2175883 a multiple of 1237?
True
Is 8 a factor of 253248?
True
Is 14620 a multiple of 68?
True
Is 4490700 a multiple of 515?
False
Is 563238 a multiple of 377?
True
Is 981 a factor of 5628978?
True
Is 194 a factor of 136188?
True
Is 27 a factor of 1439879?
False
Is 52234 a multiple of 1066?
True
Is 2059875 a multiple of 375?
True
Does 687 divide 1225782?
False
Is 11 a factor of 89630?
False
Is 304 a factor of 262113?
False
Does 33 divide 106092?
False
Is 11 a factor of 243553?
Fals